{"id":36,"date":"2016-12-23T03:31:43","date_gmt":"2016-12-23T02:31:43","guid":{"rendered":"http:\/\/www.residencegrandmere.com\/Res_wp\/?page_id=36"},"modified":"2023-09-18T21:08:39","modified_gmt":"2023-09-18T19:08:39","slug":"contact","status":"publish","type":"page","link":"https:\/\/www.residencegrandmere.com\/Res_wp\/contact\/","title":{"rendered":"Contact"},"content":{"rendered":"\n\n\t\t\t\t<img loading=\"lazy\" decoding=\"async\" src=\"https:\/\/www.residencegrandmere.com\/Res_wp\/wp-content\/uploads\/2016\/12\/pierre_la_haye_optimized.jpg\" alt=\"pierre_la_haye_optimized\" itemprop=\"image\" height=\"739\" width=\"640\" title=\"pierre_la_haye_optimized\" onerror=\"this.style.display='none'\"  \/>\n\t<p>Bonjour,<\/p>\n<p>Il nous fera plaisir de r\u00e9pondre \u00e0 vos questions ou de prendre un rendez-vous<\/p>\n<p>Pierre La Haye, Directeur<\/p>\n\t<p>Adresse:<\/p>\n<ul>\n<li>2581, 7i\u00e8me ave, Shawinigan, QC\u00a0G9T\u00a05N1<\/li>\n<li>secteur Grand-M\u00e8re<\/li>\n<\/ul>\n<p>T\u00e9l\u00e9phone<\/p>\n<ul>\n<li>Principal :\u00a0\u00a0\u00a0\u00a0\u00a0\u00a0(819)\u00a0538-3833<\/li>\n<li>T\u00e9l\u00e9copieur : (819) 729-0427<\/li>\n<\/ul>\n<p>Courriel:<\/p>\n<ul>\n<li><a href=\"mailto:infos@residencegrandmere.com\">infos@residencegrandmere.com<\/a><\/li>\n<\/ul>\n\n\t\t\t\t<img loading=\"lazy\" decoding=\"async\" src=\"https:\/\/www.residencegrandmere.com\/Res_wp\/wp-content\/uploads\/2016\/12\/DSCN0380.jpg\" alt=\"DSCN0380\" itemprop=\"image\" height=\"2304\" width=\"3072\" title=\"DSCN0380\" onerror=\"this.style.display='none'\"  \/>\n\n","protected":false},"excerpt":{"rendered":"<p>Bonjour, Il nous fera plaisir de r\u00e9pondre \u00e0 vos questions ou de prendre un rendez-vous Pierre La Haye, Directeur Adresse: 2581, 7i\u00e8me ave, Shawinigan, QC\u00a0G9T\u00a05N1 secteur Grand-M\u00e8re T\u00e9l\u00e9phone Principal :\u00a0\u00a0\u00a0\u00a0\u00a0\u00a0(819)\u00a0538-3833 T\u00e9l\u00e9copieur : (819) 729-0427 Courriel: infos@residencegrandmere.com<\/p>\n","protected":false},"author":1,"featured_media":0,"parent":0,"menu_order":0,"comment_status":"closed","ping_status":"closed","template":"","meta":{"footnotes":""},"class_list":["post-36","page","type-page","status-publish"],"_links":{"self":[{"href":"https:\/\/www.residencegrandmere.com\/Res_wp\/wp-json\/wp\/v2\/pages\/36","targetHints":{"allow":["GET"]}}],"collection":[{"href":"https:\/\/www.residencegrandmere.com\/Res_wp\/wp-json\/wp\/v2\/pages"}],"about":[{"href":"https:\/\/www.residencegrandmere.com\/Res_wp\/wp-json\/wp\/v2\/types\/page"}],"author":[{"embeddable":true,"href":"https:\/\/www.residencegrandmere.com\/Res_wp\/wp-json\/wp\/v2\/users\/1"}],"replies":[{"embeddable":true,"href":"https:\/\/www.residencegrandmere.com\/Res_wp\/wp-json\/wp\/v2\/comments?post=36"}],"version-history":[{"count":18,"href":"https:\/\/www.residencegrandmere.com\/Res_wp\/wp-json\/wp\/v2\/pages\/36\/revisions"}],"predecessor-version":[{"id":35746,"href":"https:\/\/www.residencegrandmere.com\/Res_wp\/wp-json\/wp\/v2\/pages\/36\/revisions\/35746"}],"wp:attachment":[{"href":"https:\/\/www.residencegrandmere.com\/Res_wp\/wp-json\/wp\/v2\/media?parent=36"}],"curies":[{"name":"wp","href":"https:\/\/api.w.org\/{rel}","templated":true}]}}